{"id":1712,"date":"2021-03-15T14:13:38","date_gmt":"2021-03-15T13:13:38","guid":{"rendered":"https:\/\/geraldinekannamma.com\/?page_id=1712"},"modified":"2024-05-21T15:22:31","modified_gmt":"2024-05-21T14:22:31","slug":"cv-2","status":"publish","type":"page","link":"https:\/\/geraldinekannamma.com\/en\/cv-2\/","title":{"rendered":"CV \/ CONTACT"},"content":{"rendered":"\r\n<div class=\"wp-block-columns is-layout-flex wp-container-5\">\r\n<div class=\"wp-block-column is-layout-flow\">\r\n\r\n\r\n<p>Ecoutez<strong> G\u00e9raldine <\/strong>sur<strong> <a href=\"https:\/\/www.rsdoublage.com\/comedien-666-Geraldine-Kannamma.html\" target=\"_blank\" rel=\"noreferrer noopener\" data-type=\"URL\" data-id=\"https:\/\/www.rsdoublage.com\/comedien-666-Geraldine-Kannamma.html\">RS DOUBLAGE<\/a> <\/strong>et<strong> <a href=\"https:\/\/www.voxingpro.com\/geraldine-kannamma\" target=\"_blank\" rel=\"noreferrer noopener\" data-type=\"URL\" data-id=\"https:\/\/www.voxingpro.com\/geraldine-kannamma\">Voxing Pro<\/a><\/strong><\/p>\r\n<p>&nbsp;<\/p>\r\n<p><strong>SON PARCOURS EN QUELQUES DATES&#8230;<\/strong><\/p>\r\n\r\n\r\n\r\n\r\n\r\n<h4 class=\"wp-block-heading\"><strong><span class=\"has-inline-color has-luminous-vivid-orange-color\">1983 \/ 1992<\/span><\/strong><\/h4>\r\n\r\n\r\n\r\n<p>A l&#8217;\u00e2ge de 6 ans, elle commence sa formation th\u00e9\u00e2trale au sein du <a href=\"https:\/\/fr.wikipedia.org\/wiki\/Jean-Claude_Penchenat\">Th\u00e9\u00e2tre du Campagnol<\/a> &#8211; Centre Dramatique National de la banlieue sud &#8211; \u00e0 Ch\u00e2tenay-Malabry (92), dirig\u00e9 par Jean-Claude Penchenat, en parall\u00e8le \u00e0 l&#8217;association Une Ville Se Raconte.<\/p>\r\n\r\n\r\n\r\n<p>Elle s&#8217;initie \u00e0 toutes les pratiques th\u00e9\u00e2trales gr\u00e2ce \u00e0 d&#8217;excellents com\u00e9diens et metteurs en sc\u00e8ne formateurs qui transmettent leur passion : mime, expression corporelle, masques, comedia dell&#8217;arte, clown, danse, marionnettes&#8230; mais aussi au c\u00f4t\u00e9 technique de la cr\u00e9ation (d\u00e9cor, musique, costume, maquillage&#8230;) en prenant part ou en assistant aux cr\u00e9ations professionnelles au sein du lieu.<\/p>\r\n\r\n\r\n\r\n<div class=\"wp-block-columns is-layout-flex wp-container-2\">\r\n<div class=\"wp-block-column is-layout-flow\" style=\"flex-basis: 100%;\">\r\n<figure class=\"wp-block-image size-large is-resized\"><\/figure>\r\n<\/div>\r\n<\/div>\r\n\r\n\r\n\r\n<h4 class=\"wp-block-heading\"><strong><span class=\"has-inline-color has-luminous-vivid-orange-color\">1998 \/ 1999<\/span><\/strong><\/h4>\r\n\r\n\r\n\r\n<p>Elle entre en parall\u00e8le \u00e0 l&#8217;Universit\u00e9 Paris X &#8211; Nanterre et obtient une Licence d&#8217;Etudes Th\u00e9\u00e2trales et une Ma\u00eetrise d&#8217;Etudes Th\u00e9\u00e2trales dirig\u00e9e par <a href=\"https:\/\/fr.wikipedia.org\/wiki\/Robert_Abirached\"><strong><span style=\"color: #99ccff;\"><span style=\"color: #800080;\">Robert Abirached<\/span><\/span><\/strong><\/a>.<\/p>\r\n\r\n\r\n\r\n<h3 class=\"wp-block-heading\"><img decoding=\"async\" loading=\"lazy\" class=\"\" src=\"https:\/\/geraldinekannamma.com\/wp-content\/uploads\/2013\/03\/G%C3%A9raldine-Kannamma-CV.png\" width=\"310\" height=\"434\"><\/h3>\r\n\r\n\r\n\r\n<p>&nbsp;<\/p>\r\n\r\n\r\n\r\n<h4 class=\"wp-block-heading\"><strong><span class=\"has-inline-color has-luminous-vivid-orange-color\">2009 \/ 2013<\/span><\/strong><\/h4>\r\n\r\n\r\n\r\n<p>Elle continue sa formation en s&#8217;orientant vers l&#8217;acrobatie a\u00e9rienne (corde lisse) et \u00e9chasses avec l&#8217;association Bababoum et le Cirque des Noctambules (Nanterre, 92).<\/p>\r\n\r\n\r\n\r\n<p>A cela s&#8217;ajoute une irr\u00e9sistible envie d&#8217;approfondir le travail de la voix et elle se forme aux techniques de Voix Off (Les coachs associ\u00e9s) et Doublage (avec Vincent Violette, Jean Barney, C\u00e9line Montsarrat, Elisabeth Fargeot&#8230;).<\/p>\r\n\r\n\r\n\r\n<figure class=\"wp-block-image is-resized\"><a href=\"http:\/\/geraldinekannamma.com\/wp-content\/uploads\/2013\/02\/Upside-Down1.png\"><img decoding=\"async\" loading=\"lazy\" class=\"wp-image-1023\" src=\"http:\/\/geraldinekannamma.com\/wp-content\/uploads\/2013\/02\/Upside-Down1.png\" alt=\"Upside Down\" width=\"348\" height=\"228\" srcset=\"https:\/\/geraldinekannamma.com\/wp-content\/uploads\/2013\/02\/Upside-Down1.png 997w, https:\/\/geraldinekannamma.com\/wp-content\/uploads\/2013\/02\/Upside-Down1-300x196.png 300w\" sizes=\"(max-width: 348px) 100vw, 348px\" \/><\/a><\/figure>\r\n<p>&nbsp;<\/p>\r\n<p><img decoding=\"async\" loading=\"lazy\" class=\"wp-image-1891  aligncenter\" src=\"https:\/\/geraldinekannamma.com\/wp-content\/uploads\/2024\/05\/GERALDINE-KANNAMMA-9642.jpg\" alt=\"\" width=\"311\" height=\"467\" srcset=\"https:\/\/geraldinekannamma.com\/wp-content\/uploads\/2024\/05\/GERALDINE-KANNAMMA-9642.jpg 720w, https:\/\/geraldinekannamma.com\/wp-content\/uploads\/2024\/05\/GERALDINE-KANNAMMA-9642-200x300.jpg 200w, https:\/\/geraldinekannamma.com\/wp-content\/uploads\/2024\/05\/GERALDINE-KANNAMMA-9642-683x1024.jpg 683w\" sizes=\"(max-width: 311px) 100vw, 311px\" \/><\/p>\r\n<p>&nbsp;<\/p>\r\n\r\n\r\n\r\n<figure class=\"wp-block-image size-large is-resized\"><img decoding=\"async\" loading=\"lazy\" class=\"alignnone wp-image-1854 \" src=\"https:\/\/geraldinekannamma.com\/wp-content\/uploads\/2023\/05\/Jeu-Video.jpg\" alt=\"\" width=\"313\" height=\"284\" srcset=\"https:\/\/geraldinekannamma.com\/wp-content\/uploads\/2023\/05\/Jeu-Video.jpg 2502w, https:\/\/geraldinekannamma.com\/wp-content\/uploads\/2023\/05\/Jeu-Video-300x272.jpg 300w, https:\/\/geraldinekannamma.com\/wp-content\/uploads\/2023\/05\/Jeu-Video-1024x928.jpg 1024w, https:\/\/geraldinekannamma.com\/wp-content\/uploads\/2023\/05\/Jeu-Video-768x696.jpg 768w, https:\/\/geraldinekannamma.com\/wp-content\/uploads\/2023\/05\/Jeu-Video-1536x1392.jpg 1536w, https:\/\/geraldinekannamma.com\/wp-content\/uploads\/2023\/05\/Jeu-Video-2048x1856.jpg 2048w\" sizes=\"(max-width: 313px) 100vw, 313px\" \/><\/figure>\r\n<\/div>\r\n\r\n\r\n\r\n<div class=\"wp-block-column is-layout-flow\">\r\n<p>&nbsp;<\/p>\r\n\r\n\r\n\r\n<p>&nbsp;<\/p>\r\n<p><a href=\"https:\/\/geraldinekannamma.com\/wp-content\/uploads\/2024\/05\/CV-Geraldine-KANNAMMA-2024.pdf\"><img decoding=\"async\" loading=\"lazy\" class=\"wp-image-1906  aligncenter\" src=\"https:\/\/geraldinekannamma.com\/wp-content\/uploads\/2024\/05\/Vignette-CV-2024.jpg\" alt=\"\" width=\"259\" height=\"275\" srcset=\"https:\/\/geraldinekannamma.com\/wp-content\/uploads\/2024\/05\/Vignette-CV-2024.jpg 1215w, https:\/\/geraldinekannamma.com\/wp-content\/uploads\/2024\/05\/Vignette-CV-2024-283x300.jpg 283w, https:\/\/geraldinekannamma.com\/wp-content\/uploads\/2024\/05\/Vignette-CV-2024-964x1024.jpg 964w, https:\/\/geraldinekannamma.com\/wp-content\/uploads\/2024\/05\/Vignette-CV-2024-768x815.jpg 768w\" sizes=\"(max-width: 259px) 100vw, 259px\" \/><\/a><\/p>\r\n\r\n\r\n\r\n<p><strong><span class=\"has-inline-color has-luminous-vivid-orange-color\">1992 \/ 1996<\/span><\/strong><\/p>\r\n\r\n\r\n\r\n<p>Au Th\u00e9\u00e2tre du Campagnol succ\u00e8de la Compagnie du Chapeau Rouge dirig\u00e9e par Pierre Pradinas. Elle y c\u00f4toie Denis Lavant, Marie Trintignant, Val\u00e9rie Bonneton, Marianne Groves, Eric Prat, Jean Luc Porraz&#8230; et participe au &#8220;Conte d&#8217;hiver&#8221; de Shakespeare avec Romane Borhinger et Roschdy Zem (mis en sc\u00e8ne par Pierre Pradinas) en tant que responsable des relations publiques.<\/p>\r\n\r\n\r\n\r\n<p>Cofondatrice de la Compagnie du Petit Peuple en 1997, elle devient com\u00e9dienne professionnelle et encha\u00eene les spectacles et cr\u00e9ations tout en enseignant \u00e0 son tour les arts de la sc\u00e8ne aux plus jeunes (Th\u00e9\u00e2tre du Pierrier, UVSR, CREPS de Ch\u00e2tenay-Malabry, Compagnie de la Lune&#8230;).<\/p>\r\n<p>&nbsp;<\/p>\r\n\r\n\r\n\r\n<figure class=\"wp-block-image size-large is-resized\"><img decoding=\"async\" loading=\"lazy\" class=\"\" src=\"https:\/\/geraldinekannamma.com\/wp-content\/uploads\/2013\/03\/Cam%C3%A9ra-Caf%C3%A9-Mauvais-role.png\" width=\"313\" height=\"251\"><\/figure>\r\n\r\n\r\n\r\n<p>&nbsp;<\/p>\r\n\r\n\r\n\r\n<h4 class=\"wp-block-heading\"><strong><span class=\"has-inline-color has-luminous-vivid-orange-color\">2003 \/ 2009<\/span><\/strong><\/h4>\r\n\r\n\r\n\r\n<p>En 2003, G\u00e9raldine&nbsp; cr\u00e9\u00e9 sa propre compagnie professionnelle dans le but de d\u00e9velopper, dans la banlieue sud de Paris, un th\u00e9\u00e2tre vivant, cr\u00e9atif et ax\u00e9 sur la formation.<\/p>\r\n\r\n\r\n\r\n<p>C&#8217;est ainsi que na\u00eet&nbsp; la <strong><a href=\"http:\/\/compagniedelalune.free.fr\/compagnie.html\" target=\"_blank\" rel=\"noreferrer noopener\">Compagnie de la Lune.<\/a><\/strong><\/p>\r\n\r\n\r\n\r\n<p>Poursuivant continuellement sa formation, elle part en Inde en 2003 pour apprendre le Kathakali (danse sacr\u00e9e traditionnelle). Elle s&#8217;installe alors l\u00e0-bas et y vit pendant 7 ans, se plongeant ainsi dans une nouvelle culture passionnante, une nouvelle fa\u00e7on d&#8217;enseigner et de transmettre son savoir. Th\u00e9\u00e2tre, danse, chant, musique carnatique et art martiaux, elle se nourrit de toutes ces pratiques si riches et compl\u00e9mentaires \u00e0 sa formation &#8220;occidentale&#8221;.<\/p>\r\n\r\n\r\n\r\n<figure class=\"wp-block-image is-resized\"><a href=\"http:\/\/geraldinekannamma.com\/wp-content\/uploads\/2013\/04\/74nb.jpg\"><img decoding=\"async\" loading=\"lazy\" class=\"wp-image-984\" src=\"http:\/\/geraldinekannamma.com\/wp-content\/uploads\/2013\/04\/74nb.jpg\" alt=\"74nb\" width=\"341\" height=\"227\" srcset=\"https:\/\/geraldinekannamma.com\/wp-content\/uploads\/2013\/04\/74nb.jpg 750w, https:\/\/geraldinekannamma.com\/wp-content\/uploads\/2013\/04\/74nb-300x199.jpg 300w\" sizes=\"(max-width: 341px) 100vw, 341px\" \/><\/a><\/figure>\r\n\r\n\r\n\r\n<p>&nbsp;<\/p>\r\n\r\n\r\n\r\n<h4 class=\"wp-block-heading\"><strong><span class=\"has-inline-color has-luminous-vivid-orange-color\">2013 \/ 2024<\/span><\/strong><\/h4>\r\n\r\n\r\n\r\n<p>G\u00e9raldine est maintenant directrice artistique de la Compagnie de la Lune depuis 21 ans. Elle est \u00e0 l&#8217;origine d&#8217;une technique originale de transmission par la cr\u00e9ation aupr\u00e8s de professionnels et d&#8217;amateurs, en France comme en Inde, et elle continue \u00e0 se former elle m\u00eame sans cesse \u00e0 de nouvelles techniques artistiques.<\/p>\r\n\r\n\r\n\r\n<p>Elle met \u00e9galement en sc\u00e8ne des cr\u00e9ations \u00e0 la demande de plusieurs compagnies et est r\u00e9guli\u00e8rement acrobate\/com\u00e9dienne \u00e0 l&#8217;Op\u00e9ra de Paris.<\/p>\r\n\r\n\r\n\r\n<p><strong>Elle pr\u00eate enfin sa voix pour le cin\u00e9ma, la t\u00e9l\u00e9vision, les jeux vid\u00e9os et la radio (Films, t\u00e9l\u00e9films, s\u00e9ries, publicit\u00e9s et documentaires).<\/strong><\/p>\r\n\r\n\r\n\r\n<p>Les derniers enregistrements ont \u00e9t\u00e9 pour <strong>Paramount+<\/strong> avec la s\u00e9rie<em><strong> HALO <\/strong><\/em>(Kai 125), elle est aussi une des voix officielles pour le programme <strong><em>Plus Vite Que La Musique (M6). <\/em><\/strong><\/p>\r\n<p>Pour \u00e9couter son travail, c&#8217;est <a href=\"https:\/\/geraldinekannamma.com\/voix\/\">ici<\/a> !<\/p>\r\n<\/div>\r\n<\/div>\r\n\r\n\r\n\r\n<p>&nbsp;<\/p>\r\n","protected":false},"excerpt":{"rendered":"<p>Ecoutez G\u00e9raldine sur RS DOUBLAGE et Voxing Pro &nbsp; SON PARCOURS EN QUELQUES DATES&#8230; 1983 \/ 1992 A l&#8217;\u00e2ge de 6 ans, elle commence sa formation th\u00e9\u00e2trale au sein du Th\u00e9\u00e2tre du Campagnol &#8211; Centre Dramatique National de la banlieue sud &#8211; \u00e0 Ch\u00e2tenay-Malabry (92), dirig\u00e9 par Jean-Claude Penchenat, en parall\u00e8le \u00e0 l&#8217;association Une Ville<a class=\"rmore\" href=\"https:\/\/geraldinekannamma.com\/en\/cv-2\/\">&nbsp;&nbsp; Read More &#8230;<\/a><\/p>\n","protected":false},"author":1,"featured_media":0,"parent":0,"menu_order":0,"comment_status":"closed","ping_status":"closed","template":"","meta":{"ngg_post_thumbnail":0},"_links":{"self":[{"href":"https:\/\/geraldinekannamma.com\/en\/wp-json\/wp\/v2\/pages\/1712"}],"collection":[{"href":"https:\/\/geraldinekannamma.com\/en\/wp-json\/wp\/v2\/pages"}],"about":[{"href":"https:\/\/geraldinekannamma.com\/en\/wp-json\/wp\/v2\/types\/page"}],"author":[{"embeddable":true,"href":"https:\/\/geraldinekannamma.com\/en\/wp-json\/wp\/v2\/users\/1"}],"replies":[{"embeddable":true,"href":"https:\/\/geraldinekannamma.com\/en\/wp-json\/wp\/v2\/comments?post=1712"}],"version-history":[{"count":41,"href":"https:\/\/geraldinekannamma.com\/en\/wp-json\/wp\/v2\/pages\/1712\/revisions"}],"predecessor-version":[{"id":1923,"href":"https:\/\/geraldinekannamma.com\/en\/wp-json\/wp\/v2\/pages\/1712\/revisions\/1923"}],"wp:attachment":[{"href":"https:\/\/geraldinekannamma.com\/en\/wp-json\/wp\/v2\/media?parent=1712"}],"curies":[{"name":"wp","href":"https:\/\/api.w.org\/{rel}","templated":true}]}}

<div class="wp-block-columns is-layout-flex wp-container-5">
<div class="wp-block-column is-layout-flow">


<p>Ecoutez<strong> Géraldine </strong>sur<strong> <a href="https://www.rsdoublage.com/comedien-666-Geraldine-Kannamma.html" target="_blank" rel="noreferrer noopener" data-type="URL" data-id="https://www.rsdoublage.com/comedien-666-Geraldine-Kannamma.html">RS DOUBLAGE</a> </strong>et<strong> <a href="https://www.voxingpro.com/geraldine-kannamma" target="_blank" rel="noreferrer noopener" data-type="URL" data-id="https://www.voxingpro.com/geraldine-kannamma">Voxing Pro</a></strong></p>
<p>&nbsp;</p>
<p><strong>SON PARCOURS EN QUELQUES DATES&#8230;</strong></p>





<h4 class="wp-block-heading"><strong><span class="has-inline-color has-luminous-vivid-orange-color">1983 / 1992</span></strong></h4>



<p>A l&#8217;âge de 6 ans, elle commence sa formation théâtrale au sein du <a href="https://fr.wikipedia.org/wiki/Jean-Claude_Penchenat">Théâtre du Campagnol</a> &#8211; Centre Dramatique National de la banlieue sud &#8211; à Châtenay-Malabry (92), dirigé par Jean-Claude Penchenat, en parallèle à l&#8217;association Une Ville Se Raconte.</p>



<p>Elle s&#8217;initie à toutes les pratiques théâtrales grâce à d&#8217;excellents comédiens et metteurs en scène formateurs qui transmettent leur passion : mime, expression corporelle, masques, comedia dell&#8217;arte, clown, danse, marionnettes&#8230; mais aussi au côté technique de la création (décor, musique, costume, maquillage&#8230;) en prenant part ou en assistant aux créations professionnelles au sein du lieu.</p>



<div class="wp-block-columns is-layout-flex wp-container-2">
<div class="wp-block-column is-layout-flow" style="flex-basis: 100%;">
<figure class="wp-block-image size-large is-resized"></figure>
</div>
</div>



<h4 class="wp-block-heading"><strong><span class="has-inline-color has-luminous-vivid-orange-color">1998 / 1999</span></strong></h4>



<p>Elle entre en parallèle à l&#8217;Université Paris X &#8211; Nanterre et obtient une Licence d&#8217;Etudes Théâtrales et une Maîtrise d&#8217;Etudes Théâtrales dirigée par <a href="https://fr.wikipedia.org/wiki/Robert_Abirached"><strong><span style="color: #99ccff;"><span style="color: #800080;">Robert Abirached</span></span></strong></a>.</p>



<h3 class="wp-block-heading"><img decoding="async" loading="lazy" class="" src="https://geraldinekannamma.com/wp-content/uploads/2013/03/G%C3%A9raldine-Kannamma-CV.png" width="310" height="434"></h3>



<p>&nbsp;</p>



<h4 class="wp-block-heading"><strong><span class="has-inline-color has-luminous-vivid-orange-color">2009 / 2013</span></strong></h4>



<p>Elle continue sa formation en s&#8217;orientant vers l&#8217;acrobatie aérienne (corde lisse) et échasses avec l&#8217;association Bababoum et le Cirque des Noctambules (Nanterre, 92).</p>



<p>A cela s&#8217;ajoute une irrésistible envie d&#8217;approfondir le travail de la voix et elle se forme aux techniques de Voix Off (Les coachs associés) et Doublage (avec Vincent Violette, Jean Barney, Céline Montsarrat, Elisabeth Fargeot&#8230;).</p>



<figure class="wp-block-image is-resized"><a href="http://geraldinekannamma.com/wp-content/uploads/2013/02/Upside-Down1.png"><img decoding="async" loading="lazy" class="wp-image-1023" src="http://geraldinekannamma.com/wp-content/uploads/2013/02/Upside-Down1.png" alt="Upside Down" width="348" height="228" srcset="https://geraldinekannamma.com/wp-content/uploads/2013/02/Upside-Down1.png 997w, https://geraldinekannamma.com/wp-content/uploads/2013/02/Upside-Down1-300x196.png 300w" sizes="(max-width: 348px) 100vw, 348px" /></a></figure>
<p>&nbsp;</p>
<p><img decoding="async" loading="lazy" class="wp-image-1891  aligncenter" src="https://geraldinekannamma.com/wp-content/uploads/2024/05/GERALDINE-KANNAMMA-9642.jpg" alt="" width="311" height="467" srcset="https://geraldinekannamma.com/wp-content/uploads/2024/05/GERALDINE-KANNAMMA-9642.jpg 720w, https://geraldinekannamma.com/wp-content/uploads/2024/05/GERALDINE-KANNAMMA-9642-200x300.jpg 200w, https://geraldinekannamma.com/wp-content/uploads/2024/05/GERALDINE-KANNAMMA-9642-683x1024.jpg 683w" sizes="(max-width: 311px) 100vw, 311px" /></p>
<p>&nbsp;</p>



<figure class="wp-block-image size-large is-resized"><img decoding="async" loading="lazy" class="alignnone wp-image-1854 " src="https://geraldinekannamma.com/wp-content/uploads/2023/05/Jeu-Video.jpg" alt="" width="313" height="284" srcset="https://geraldinekannamma.com/wp-content/uploads/2023/05/Jeu-Video.jpg 2502w, https://geraldinekannamma.com/wp-content/uploads/2023/05/Jeu-Video-300x272.jpg 300w, https://geraldinekannamma.com/wp-content/uploads/2023/05/Jeu-Video-1024x928.jpg 1024w, https://geraldinekannamma.com/wp-content/uploads/2023/05/Jeu-Video-768x696.jpg 768w, https://geraldinekannamma.com/wp-content/uploads/2023/05/Jeu-Video-1536x1392.jpg 1536w, https://geraldinekannamma.com/wp-content/uploads/2023/05/Jeu-Video-2048x1856.jpg 2048w" sizes="(max-width: 313px) 100vw, 313px" /></figure>
</div>



<div class="wp-block-column is-layout-flow">
<p>&nbsp;</p>



<p>&nbsp;</p>
<p><a href="https://geraldinekannamma.com/wp-content/uploads/2024/05/CV-Geraldine-KANNAMMA-2024.pdf"><img decoding="async" loading="lazy" class="wp-image-1906  aligncenter" src="https://geraldinekannamma.com/wp-content/uploads/2024/05/Vignette-CV-2024.jpg" alt="" width="259" height="275" srcset="https://geraldinekannamma.com/wp-content/uploads/2024/05/Vignette-CV-2024.jpg 1215w, https://geraldinekannamma.com/wp-content/uploads/2024/05/Vignette-CV-2024-283x300.jpg 283w, https://geraldinekannamma.com/wp-content/uploads/2024/05/Vignette-CV-2024-964x1024.jpg 964w, https://geraldinekannamma.com/wp-content/uploads/2024/05/Vignette-CV-2024-768x815.jpg 768w" sizes="(max-width: 259px) 100vw, 259px" /></a></p>



<p><strong><span class="has-inline-color has-luminous-vivid-orange-color">1992 / 1996</span></strong></p>



<p>Au Théâtre du Campagnol succède la Compagnie du Chapeau Rouge dirigée par Pierre Pradinas. Elle y côtoie Denis Lavant, Marie Trintignant, Valérie Bonneton, Marianne Groves, Eric Prat, Jean Luc Porraz&#8230; et participe au &#8220;Conte d&#8217;hiver&#8221; de Shakespeare avec Romane Borhinger et Roschdy Zem (mis en scène par Pierre Pradinas) en tant que responsable des relations publiques.</p>



<p>Cofondatrice de la Compagnie du Petit Peuple en 1997, elle devient comédienne professionnelle et enchaîne les spectacles et créations tout en enseignant à son tour les arts de la scène aux plus jeunes (Théâtre du Pierrier, UVSR, CREPS de Châtenay-Malabry, Compagnie de la Lune&#8230;).</p>
<p>&nbsp;</p>



<figure class="wp-block-image size-large is-resized"><img decoding="async" loading="lazy" class="" src="https://geraldinekannamma.com/wp-content/uploads/2013/03/Cam%C3%A9ra-Caf%C3%A9-Mauvais-role.png" width="313" height="251"></figure>



<p>&nbsp;</p>



<h4 class="wp-block-heading"><strong><span class="has-inline-color has-luminous-vivid-orange-color">2003 / 2009</span></strong></h4>



<p>En 2003, Géraldine&nbsp; créé sa propre compagnie professionnelle dans le but de développer, dans la banlieue sud de Paris, un théâtre vivant, créatif et axé sur la formation.</p>



<p>C&#8217;est ainsi que naît&nbsp; la <strong><a href="http://compagniedelalune.free.fr/compagnie.html" target="_blank" rel="noreferrer noopener">Compagnie de la Lune.</a></strong></p>



<p>Poursuivant continuellement sa formation, elle part en Inde en 2003 pour apprendre le Kathakali (danse sacrée traditionnelle). Elle s&#8217;installe alors là-bas et y vit pendant 7 ans, se plongeant ainsi dans une nouvelle culture passionnante, une nouvelle façon d&#8217;enseigner et de transmettre son savoir. Théâtre, danse, chant, musique carnatique et art martiaux, elle se nourrit de toutes ces pratiques si riches et complémentaires à sa formation &#8220;occidentale&#8221;.</p>



<figure class="wp-block-image is-resized"><a href="http://geraldinekannamma.com/wp-content/uploads/2013/04/74nb.jpg"><img decoding="async" loading="lazy" class="wp-image-984" src="http://geraldinekannamma.com/wp-content/uploads/2013/04/74nb.jpg" alt="74nb" width="341" height="227" srcset="https://geraldinekannamma.com/wp-content/uploads/2013/04/74nb.jpg 750w, https://geraldinekannamma.com/wp-content/uploads/2013/04/74nb-300x199.jpg 300w" sizes="(max-width: 341px) 100vw, 341px" /></a></figure>



<p>&nbsp;</p>



<h4 class="wp-block-heading"><strong><span class="has-inline-color has-luminous-vivid-orange-color">2013 / 2024</span></strong></h4>



<p>Géraldine est maintenant directrice artistique de la Compagnie de la Lune depuis 21 ans. Elle est à l&#8217;origine d&#8217;une technique originale de transmission par la création auprès de professionnels et d&#8217;amateurs, en France comme en Inde, et elle continue à se former elle même sans cesse à de nouvelles techniques artistiques.</p>



<p>Elle met également en scène des créations à la demande de plusieurs compagnies et est régulièrement acrobate/comédienne à l&#8217;Opéra de Paris.</p>



<p><strong>Elle prête enfin sa voix pour le cinéma, la télévision, les jeux vidéos et la radio (Films, téléfilms, séries, publicités et documentaires).</strong></p>



<p>Les derniers enregistrements ont été pour <strong>Paramount+</strong> avec la série<em><strong> HALO </strong></em>(Kai 125), elle est aussi une des voix officielles pour le programme <strong><em>Plus Vite Que La Musique (M6). </em></strong></p>
<p>Pour écouter son travail, c&#8217;est <a href="https://geraldinekannamma.com/voix/">ici</a> !</p>
</div>
</div>



<p>&nbsp;</p>

<p>Ecoutez Géraldine sur RS DOUBLAGE et Voxing Pro &nbsp; SON PARCOURS EN QUELQUES DATES&#8230; 1983 / 1992 A l&#8217;âge de 6 ans, elle commence sa formation théâtrale au sein du Théâtre du Campagnol &#8211; Centre Dramatique National de la banlieue sud &#8211; à Châtenay-Malabry (92), dirigé par Jean-Claude Penchenat, en parallèle à l&#8217;association Une Ville<a class="rmore" href="https://geraldinekannamma.com/en/cv-2/">&nbsp;&nbsp; Read More &#8230;</a></p>
